
True
Is 3884054813 a composite number?
False
Is 33867701099 a prime number?
True
Is 313352063 a composite number?
True
Is 2155237603 prime?
True
Is 1584152287 a prime number?
False
Is 469238149 a prime number?
True
Is 724637833 prime?
True
Is 1085426593 prime?
True
Is 2202159139 prime?
False
Is 112675746257 a prime number?
True
Is 582652687 prime?
False
Is 756105839 a prime number?
True
Is 168113821 composite?
False
Is 3062242849 a prime number?
False
Is 41371369357 a prime number?
True
Is 159413893 composite?
False
Is 26716207127 a prime number?
True
Is 56820509039 a prime number?
False
Is 20446197 a prime number?
False
Is 12218897219 composite?
False
Is 3501877123 a composite number?
True
Is 15842591417 a composite number?
False
Is 3561043817 a composite number?
False
Is 40833216917 a prime number?
True
Is 7671763439 composite?
False
Is 12414240313 prime?
True
Is 16034146838 a prime number?
False
Is 15775399993 a prime number?
False
Is 1124155021 a prime number?
False
Is 2238713591 composite?
True
Is 16062128977 a prime number?
True
Is 4919148323 a composite number?
False
Is 2668455455 prime?
False
Is 75051179141 prime?
True
Is 1016592923 a composite number?
True
Is 5540981 composite?
True
Is 9285854233 a composite number?
False
Is 2146715777 prime?
False
Is 5597957503 composite?
False
Is 15039094751 a prime number?
True
Is 3135469569 composite?
True
Is 31183063193 composite?
True
Is 110933215543 a composite number?
False
Is 21494537833 composite?
False
Is 27703488751 prime?
True
Is 2511147893 a composite number?
True
Is 20972382643 a prime number?
False
Is 463381357547 prime?
True
Is 4926118003 composite?
False
Is 75624589 a composite number?
False
Is 881463559 composite?
True
Is 18763883657 a composite number?
True
Is 5311959293 prime?
False
Is 30766804427 composite?
True
Is 3161562901 composite?
True
Is 4352424053 prime?
True
Is 42640667 a prime number?
True
Is 222171863 a composite number?
False
Is 1878063703 a composite number?
False
Is 30474284741 a prime number?
True
Is 11230980815 prime?
False
Is 2774255817 prime?
False
Is 166377735247 a composite number?
True
Is 404447911113 composite?
True
Is 20454782641 composite?
True
Is 770021587 prime?
True
Is 18821576458 a prime number?
False
Is 1200023933 prime?
False
Is 10234811119 a composite number?
True
Is 38241207227 a prime number?
True
Is 1302082501 a prime number?
False
Is 2555855807 prime?
False
Is 257553521 a prime number?
True
Is 100774474237 composite?
False
Is 23860300753 a composite number?
False
Is 647504969 a composite number?
False
Is 1723030403 a prime number?
False
Is 381398203 composite?
True
Is 1152970213 composite?
True
Is 2777223623 prime?
True
Is 53643489181 composite?
True
Is 1014611509 composite?
True
Is 28533340727 a prime number?
False
Is 23208341503 a composite number?
True
Is 2132185397 a composite number?
False
Is 3644950631 prime?
False
Is 335719699 a composite number?
True
Is 8395467837 composite?
True
Is 244117057 composite?
False
Is 52773889943 composite?
False
Is 39998764643 prime?
False
Is 3042425917 a composite number?
False
Is 15924119 a composite number?
True
Is 14504067938 prime?
False
Is 450726103 a prime number?
True
Is 185100686879 prime?
False
Is 252671981 composite?
False
Is 837363523 composite?
False
Is 36176996281 composite?
True
Is 106267454329 a composite number?
True
Is 11227196927 a composite number?
True
Is 50354854049 composite?
True
Is 7728352873 prime?
True
Is 197075231 a prime number?
True
Is 243545172011 a composite number?
False
Is 32156021123 prime?
True
Is 27668079119 a composite number?
False
Is 10292990573 prime?
False
Is 705427297 prime?
False
Is 2075421977 composite?
False
Is 7196011747 prime?
False
Is 44300233 prime?
False
Is 54599194735 composite?
True
Is 2845207031 a prime number?
True
Is 59400083 prime?
True
Is 112781010049 composite?
False
Is 27048771559 composite?
True
Is 456552677 a prime number?
False
Is 33955661267 prime?
False
Is 257247971 prime?
False
Is 22193064461 a prime number?
False
Is 36910945765 prime?
False
Is 27293847443 prime?
True
Is 60829232131 a composite number?
False
Is 119996673073 composite?
False
Is 7487432401 a composite number?
False
Is 3526745791 composite?
True
Is 6742827451 prime?
True
Is 3649838711 composite?
False
Is 2340787231 a composite number?
True
Is 24286635833 a composite number?
True
Is 1483304117 prime?
True
Is 10431177019 composite?
True
Is 2153709083 prime?
True
Is 131997601 a prime number?
True
Is 7673298643 a prime number?
True
Is 7544479001 a composite number?
False
Is 10187363863 composite?
False
Is 14768947 a prime number?
False
Is 198137909065 a prime number?
False
Is 72998391923 composite?
True
Is 11331184591 a prime number?
True
Is 13150419277 a composite number?
False
Is 6653503631 composite?
False
Is 7880163659 a prime number?
True
Is 12223673471 a prime number?
True
Is 29189291977 composite?
False
Is 26042922757 composite?
False
Is 100290887 a composite number?
False
Is 86524651483 prime?
True
Is 2628549761 prime?
False
Is 9209698874 prime?
False
Is 12923623855 a prime number?
False
Is 165001211 prime?
True
Is 99131275435 composite?
True
Is 59638005653 a composite number?
False
Is 234030913 composite?
False
Is 3288975751 composite?
True
Is 6013781 a composite number?
False
Is 1775887909 prime?
False
Is 1468592381 prime?
True
Is 78409099 a composite number?
False
Is 10893116837 composite?
False
Is 17348568371 prime?
False
Is 3265452221 composite?
False
Is 19587024517 a prime number?
False
Is 5934456127 a composite number?
True
Is 300630391 a prime number?
True
Is 3106228526 a composite number?
True
Is 74637064459 prime?
True
Is 532126457 a composite number?
True
Is 6606157001 composite?
True
Is 1953571859 a prime number?
True
Is 918722289 a prime number?
False
Is 1024719429 a composite number?
True
Is 8911017321 composite?
True
Is 22419070873 a prime number?
True
Is 18678521497 prime?
False
Is 15381560863 composite?
False
Is 18121053 a prime number?
False
Is 2782738663 a prime number?
True
Is 3165799457 a composite number?
True
Is 249510637 composite?
True
Is 37272552809 composite?
True
Is 5174799041 composite?
True
Is 926993593 a composite number?
False
Is 4454626679 a composite number?
True
Is 17206366357 a composite number?
False
Is 20699856529 prime?
False
Is 12755889983 composite?
True
Is 1000128263 a prime number?
True
Is 410673443 a prime number?
False
Is 1506156557 composite?
True
Is 7538037691 prime?
True
Is 113135453 prime?
False
Is 9540836081 a composite number?
True
Is 42515271871 composite?
False
Is 1128860743 a prime number?
False
Is 1316663861 a composite number?
True
Is 17547457373 composite?
True
Is 1215301273 a composite number?
True
Is 25909731713 prime?
True
Is 2591161847 a prime number?
True
Is 1305761047 a prime number?
False
Is 743619178 a prime number?
False
Is 88118801269 composite?
False
Is 8709633419 a composite number?
False
Is 34482149579 a prime number?
False
Is 36174090841 composite?
True
Is 61872462203 a prime number?
False
Is 127947557 a composite number?
True
Is 4634566801 prime?
False
Is 8129230441 prime?
True
Is 4061019197 a prime number?
False
Is 17748373579 composite?
False
Is 546241546 prime?
False
Is 23086487 composite?
True
Is 4617443279 a prime number?
True
Is 1526078009 composite?
False
Is 316743667 a prime number?
True
Is 1479088267 a prime number?
False
Is 77082393289 a composite number?
True
Is 66325859 composite?
True
Is 3252658463 a prime number?
False
Is 3202450177 prime?
True
Is 17984452043 composite?
False
Is 584265943 prime?
True
Is 9124182007 a composite number?
True
Is 11950569017 composite?
False
Is 9332594065 composite?
True
Is 7067112265 a composite number?
True
Is 23908262453 prime?
True
Is 909319441 a composite number?
True
Is 41114316673 a composite number?
False
Is 68239307057 composite?
False
Is 680348255 a prime number?
False
Is 623788303 a composite number?
False
Is 9040281715 a composite number?
True
Is 330342962657 composite?
False
Is 47847455867 prime?
False
Is 87969793931 prime?
True
Is 13053849733 composite?
True
Is 4798041023 a prime number?
True
Is 2137197287 prime?
False
Is 116581067 prime?
False
Is 458224639 a prime number?
True
Is 2778980521 a composite number?
True
Is 46855279739 prime?
True
I